 7*v. What is the remainder when 83 is divided by s(5)?
27
Let u(l) be the second derivative of 1/12*l**4 + 3/2*l**2 + 0 + 2/3*l**3 + 2*l. What is the remainder when 5 is divided by u(-4)?
2
Suppose -2*t + 4*t = 40. Calculate the remainder when t is divided by 11.
9
Let j = 12 - 9. Suppose -4*c - 6 = -3*d + 5, j*d = -3*c + 18. Calculate the remainder when 2 is divided by c.
0
Suppose 0 = 3*n - 4*c - 66, -69 = -n - 2*n + 5*c. Suppose -6*g + 3*g + n = 0. What is the remainder when 11 is divided by g?
5
Suppose l + 3*l = -992. What is the remainder when 6/15 + l/(-5) is divided by 17?
16
Suppose 4*h + 36 = 5*h. Let p = -21 + h. What is the remainder when 44 is divided by p?
14
Let o(u) = u + 7. Let g be o(-9). What is the remainder when 9 is divided by g*(-1 - 8/4)?
3
Suppose 0 = -2*h + 2 + 10. Suppose -4*n + 10 = -46. Let s = n + 2. What is the remainder when s is divided by h?
4
Suppose 6 + 14 = -5*g - r, 20 = -5*g - 4*r. Let q = g + 9. Calculate the remainder when 8 is divided by q.
3
Let m(u) = u + 26. Calculate the remainder when 110 is divided by m(-10).
14
Let c = 22 + 23. Calculate the remainder when c is divided by 16.
13
Suppose 0 = -j + 2*j - v, -5*j + 35 = 2*v. Suppose 0 = -j*f + 10 - 0. Let h(s) = -s**2 - 5*s + 5. Calculate the remainder when h(-5) is divided by f.
1
Let p = -74 - -175. What is the remainder when p is divided by 30?
11
Let x(p) = p**3 - 10*p**2 + 3*p - 10. Let h be x(9). Let t = -41 - h. What is the remainder when t is divided by 8?
7
Suppose 2*o - 32 = -3*b, 2*b = 3*o + 17 + 13. Calculate the remainder when b is divided by 8.
4
Suppose 4*t - g = -t + 107, t - 10 = 4*g. Calculate the remainder when t is divided by 18.
4
Suppose 2*q - 3*q - 4 = 0. Let k(l) = -5*l - 6. Let d(x) = -2*x**3 - 3*x**2 - 4*x. What is the remainder when d(-3) is divided by k(q)?
11
Suppose -4 = 2*c - 0. Suppose x - 14 - 3 = 0. Calculate the remainder when -1 + (-100)/(1*c) is divided by x.
15
Suppose 12 = 7*h - 275. Calculate the remainder when h is divided by 14.
13
Let h = 6 + -3. Suppose 0*p + 4*p - 16 = 0. Calculate the remainder when p is divided by h.
1
Suppose -y - 3 = -0*y + o, -5*o - 35 = -5*y. Suppose 3*t = -5*f + 34, 0 = -t + y*t + 3*f - 18. What is the remainder when 3 is divided by t?
0
Suppose 8 = 2*l + 52. Let c(f) = -40*f**2 - 2*f - 1. Let u be c(-1). Let b = l - u. What is the remainder when b is divided by 9?
8
Let w = 11 + 3. Let o(j) = -9*j + 5. Let u = 6 + -10. Calculate the remainder when o(u) is divided by w.
13
Let u be 3/(6/16) - 3. Suppose -u*y - 5*g = -130, g = -4*y + 8*y - 84. Let w(h) = 9*h - 1. What is the remainder when y is divided by w(1)?
6
Let j be 3/(-3 + 6) + -1. Suppose -4*i = -j*i + 8. What is the remainder when 2 is divided by (-1)/(2 + 5/i)?
0
Suppose 5*f - 3*f = 116. Let m = 21 - 6. What is the remainder when f is divided by m?
13
Suppose 0 = 4*z + 10 + 10. Let k = z - -25. What is the remainder when 59 is divided by k?
19
Let a(n) = n**2 + 11*n - 7. Let p be 1/(2/(-10))*-1. Suppose 0 = -3*b + p*s + 54, 4*s - 3*s + 72 = 4*b. What is the remainder when a(-14) is divided by b?
17
What is the remainder when 25/((-1)/3*-3) is divided by 13?
12
Let i = 63 + 3. What is the remainder when i is divided by 14?
10
Calculate the remainder when 81 is divided by (-24)/16 - ((-99)/6 - -3).
9
Suppose 2*q - 35 = 7. Calculate the remainder when q is divided by ((-64)/(-20))/(4/10).
5
Suppose 4*h = 5*n - 18 - 24, -2*n + 26 = 3*h. What is the remainder when n is divided by 4?
2
Let i = -220 + 313. Suppose -i = 2*l - 5*l. Suppose -4*d + 11 = -4*s - 13, 4*s - 20 = 0. Calculate the remainder when l is divided by d.
9
Suppose 5*g = 11 + 24. Suppose -5*s - 5*y - 10 = 0, s - g = 3*s + 3*y. What is the remainder when 1 is divided by s?
0
Suppose 2*y = 6*y - 560. Suppose 24 - y = -4*l. Suppose 0 = -4*s + s + 30. Calculate the remainder when l is divided by s.
9
Suppose -r = -5*r + 184. Suppose -8*x = -3*d - 4*x + r, 0 = 4*d - 4*x - 60. What is the remainder when 27 is divided by d?
13
Suppose -518 = -2*p - 200. What is the remainder when p is divided by 40?
39
Suppose -4*s = -0*s + n - 61, 4*n - 4 = -s. What is the remainder when 61 is divided by s?
13
Suppose 2*m - 62 = 2*s, 0 = m + m - 4*s - 54. What is the remainder when m is divided by 18?
17
Suppose 0 = -2*i - 2*i + 196. Suppose 0*t = -2*t - 2. Calculate the remainder when t/3 + i/3 is divided by 9.
7
Let c = -2 + 3. Let z = 15 + -12. What is the remainder when z is divided by c?
0
Suppose m - 43 = -w, 6*w - 4*m = 4*w + 80. What is the remainder when w is divided by 15?
12
Suppose -2 = w - 9. Let f = 1 - -7. Let y = f - 5. Calculate the remainder when w is divided by y.
1
Let m(f) = f**2 + 2*f - 1. Let c be m(1). Suppose -u = 2*q - 3, c*q - u - 2*u = -9. Let i = 17 + q. Calculate the remainder when 50 is divided by i.
16
Let h = -2 + 4. Suppose h*b - 3*b = -13. Suppose 48 = c + b. Calculate the remainder when c is divided by 18.
17
What is the remainder when 103 is divided by (-4)/(-3)*(-39)/(-2)?
25
Suppose -266 + 46 = -4*x. What is the remainder when 107 is divided by x?
52
Suppose -h - 3*v = -18, 4*h + 25 = v + 136. Let w = 14 + h. What is the remainder when w is divided by 21?
20
Suppose 0 = 3*v - 0*v - 21. Let i(f) = -10*f**2 - v*f - 5*f - 6*f**3 - 5 + 5*f**3. Calculate the remainder when i(-9) is divided by 12.
10
Calculate the remainder when 25 is divided by 13 - 6/(-9)*(-2 + -4).
7
Suppose 0 = 2*c + 6, -361 + 58 = -3*y + 4*c. Suppose 4*k - 91 - y = 0. Let a(r) = r**2 + r. What is the remainder when k is divided by a(3)?
11
Suppose 14*m = m + 377. What is the remainder when 53 is divided by m?
24
Let i(a) = 2*a**2 + 5*a - 7. Calculate the remainder when i(-5) is divided by 5.
3
Let h = -19 + 19. Suppose -3*k + 51 + 42 = h. What is the remainder when k is divided by 16?
15
Let i = -61 + 78. Calculate the remainder when 50 is divided by i.
16
Suppose 63 = l - 5*y - 7, 3*l - 5*y - 220 = 0. Calculate the remainder when l is divided by 19.
18
Let j(d) = -d**2 + 9*d + 9. Calculate the remainder when 39 is divided by j(7).
16
What is the remainder when (-1 - -56) + -5 + 8 is divided by 10?
8
Let c(p) = p**2 + p - 8. Calculate the remainder when 71 is divided by c(4).
11
Let k(a) = -a + 27. Let t be k(0). Let m = -16 + t. Suppose 4*d + 7 + 9 = v, -v + 2*d + 10 = 0. Calculate the remainder when m is divided by v.
3
Suppose -96 = r - 7*r. What is the remainder when 28 is divided by r?
12
Let z(a) = a**2 - 7*a + 8. Suppose 5*h + 0*g - 21 = 4*g, 2*g = -3*h + 17. What is the remainder when h is divided by z(6)?
1
Let p = 35 + -28. Calculate the remainder when 17 is divided by p.
3
Let w = 41 + -20. Suppose 2*l + 22 = 4*l. What is the remainder when w is divided by l?
10
Let v = 28 - -33. What is the remainder when 181 is divided by v?
59
Suppose -3*i + 10 = -2*i. What is the remainder when 37 is divided by i?
7
What is the remainder when (-261)/15*(-5 + 0) is divided by 30?
27
Let j(s) = 3 + 12 + 8 + s**3 - 2*s**3 + s**2. Let f be j(0). Suppose 0 = 2*v - 5*c + f - 55, -v + 13 = -c. What is the remainder when v is divided by 6?
5
Suppose 78 = -3*j + 570. Suppose 5*l - b + 2*b - j = 0, l - 44 = -3*b. Calculate the remainder when l is divided by (-280)/(-16) - (-3)/(-6).
15
Let m be 2*2 + 32 + -6. Suppose 4*l + 104 = -5*p, 2*l - p + 18 = -20. Let b = m + l. What is the remainder when 17 is divided by b?
8
Let t(y) = -7*y + 83. What is the remainder when t(0) is divided by 18?
11
Suppose n = -l + 8, 0*l - 2*l + 26 = 4*n. Calculate the remainder when 12 is divided by n.
2
Let a be ((-4)/6)/((-4)/(-6)). Let l be (1 - a) + 0/(-2). Suppose -l*s = -3*s + 13. Calculate the remainder when s is divided by 5.
3
Let b(o) = -o + 6. Suppose 2*l + 22 = 3*w, 27 = -5*l + 2*w - 28. Calculate the remainder when b(l) is divided by 6.
5
Let g be 30/(-8)*(-48)/18. Let y = 19 - g. What is the remainder when 16 is divided by y?
7
Let g(h) = -h**2 - 11*h - 5. Suppose -4*w + 10 = 3*j - 30, 24 = 4*j - 2*w. Suppose 5*x = -j - 22. Calculate the remainder when g(x) is divided by 14.
11
Let m(n) be the third derivative of n**5/60 - 5*n**4/24 + n**3/2 - 10*n**2. What is the remainder when m(8) is divided by 7?
6
Let q = -11 - -39. Calculate the remainder when q is divided by 15.
13
Suppose -c = -0*c + 2*l -